 when 139 is divided by m?
19
Suppose -4*n = -3*m - 399, -2*n + 3*n - 93 = 3*m. Calculate the remainder when n is divided by ((-12)/15)/(1 - 67/65).
24
What is the remainder when 221 is divided by ((-30)/4)/(42/(-28)) - -73?
65
Let p = -901 - -928. Calculate the remainder when p is divided by 9.
0
Let p(i) = 3*i - 6. Let t(c) = c**3 - 7*c**2 + 6*c + 8. Calculate the remainder when p(6) is divided by t(6).
4
Suppose 4*g = 3*g + 38. Suppose 19*p - 56 = 12*p. What is the remainder when g is divided by p?
6
Let b = -34 + 32. Calculate the remainder when 78 is divided by 15*((-76)/(-20) + b).
24
Let r = -90 - -124. Calculate the remainder when 149 is divided by r.
13
Suppose 0 = 3*l - 2*l + 3, -3*v + 3*l = -60. Let g = v + -6. Let o(s) = s**3 + 7*s**2 + 5*s - 2. What is the remainder when g is divided by o(-6)?
3
Let c = 15 - 5. Suppose -4*u = -2*k + 3 - 23, 4*k = -u - 40. Let n = 29 + k. Calculate the remainder when n is divided by c.
9
Suppose 1 = -b - 4, 0 = k - 5*b - 188. Suppose -k = -5*x + 147. Calculate the remainder when x is divided by 14/77 - (-700)/22.
30
Suppose -1 + 16 = 5*u. Calculate the remainder when 34 is divided by 161/35 - u/(-10)*-2.
2
Let i be (20/25)/((-6)/45). Let x = 0 + i. What is the remainder when (x/(-4))/(24/464) is divided by 8?
5
Let n(r) = r**2 + 18*r - 49. Let o be n(-20). Let j(y) = -y**2 - 9*y + 17. Suppose 6*z = 2*z + 264. Calculate the remainder when z is divided by j(o).
15
Let o(i) = -i**2 - 21*i + 44. Calculate the remainder when o(-18) is divided by 13.
7
What is the remainder when (-68)/3*(2 - 5) is divided by 24?
20
Let u = 12 - -1. Suppose -w + 10 = -u. What is the remainder when w is divided by (-11)/(-88) - (-95)/8?
11
Suppose 14*l + 12*l - 11622 = 0. What is the remainder when l is divided by 77?
62
Suppose -4*z + z = m - 16, -5*z + 34 = -2*m. Suppose -4*f = -6 - z. Calculate the remainder when (3/4)/((-2)/(-8)) is divided by f.
0
Let z = 350 - 96. Suppose 4*n - 164 = -4*k, -5*n + 3*k + z = 17. What is the remainder when n is divided by 21?
3
Suppose 88 = 2*w - 2*k, 4*k + 190 = 5*w - 34. Suppose 0 = -2*c - 5*n + w, 5*c - 90 = -7*n + 2*n. What is the remainder when c is divided by 6?
2
Let b(n) = -n**3 - 22*n**2 + 26. Let i be b(-22). Suppose 0 = -3*u - 5*m + 14, u - 5*m = -u + i. Calculate the remainder when u is divided by 6.
2
Let w = 50 + -14. Calculate the remainder when 44 is divided by w.
8
Let o be (-3)/(-7) + 279/(-63). Let k = o + 19. What is the remainder when (-7)/(0 - (-2)/(-8)) is divided by k?
13
Let x(c) = c**2 - 11*c + 9. Let d be x(9). Let p = d - -13. Suppose -p*i = -2*i - 3*b - 18, -i - 9 = 3*b. Calculate the remainder when 8 is divided by i.
2
Suppose 4*x - 3*u = 34, 2*x - 4*u = -2*u + 18. Let o(m) = m**2 - 2*m - 12. What is the remainder when 82 is divided by o(x)?
13
Let b = 21 + 135. Calculate the remainder when 95 is divided by (b/(-30))/(1/(-5)).
17
Let z(h) = -13*h. Suppose -4*w - 2 + 42 = l, l + 5*w = 45. Let f = l + -6. What is the remainder when z(-3) is divided by f?
11
Calculate the remainder when 231 is divided by (340/35)/(8/28).
27
Suppose 0 = -2*d - 2. Let k be 4/d + 2 - -1. Calculate the remainder when 91 is divided by (k - (-1)/2)*-62.
29
What is the remainder when 285 is divided by (-6)/6 - ((-34 - -3) + -2)?
29
Let o(b) = -b**2 + 15*b + 37. Suppose 0 = -2*m + 6*m - 68. Let n = 6 + -3. Calculate the remainder when n is divided by o(m).
0
Let i = 1642 - 1603. What is the remainder when 385 is divided by i?
34
Let p(j) = 6*j**2 - 28*j. What is the remainder when p(6) is divided by 7?
6
Let y = 73 - 133. What is the remainder when (-166)/(-3)*y/(-40) is divided by 23?
14
Suppose -5*k - 95 = -2*t, -t + 10 = 6*k - k. Let w = t + -27. Calculate the remainder when 31 is divided by w.
7
Suppose f - 159 = 102. Suppose -63 + f = i. Calculate the remainder when i/15 - (-5)/(-25) is divided by 4.
1
Let o = -57 + 61. Suppose -i + 68 = o*i + 3*b, 72 = 4*i - 2*b. Calculate the remainder when 60 is divided by i.
12
Suppose 60*a - 644 = 53*a. What is the remainder when a is divided by 36?
20
Let o = -592 + 656. What is the remainder when 66 is divided by o?
2
Let t = -473 + 486. Calculate the remainder when t is divided by 9.
4
Let d(o) = 2*o**2 + 2*o + 3. Let c be (-36)/(-162) - (-38)/(-9). Calculate the remainder when 52 is divided by d(c).
25
Let o = -13 + 31. Suppose 2*p = 5*t - 51, 2*t - p - 24 = -2*p. Let z = o - t. What is the remainder when z is divided by 4?
3
What is the remainder when 131 is divided by -1 + 5 - 58*(-1)/2?
32
Let y be 3*15/18*-2. Let f be (-1)/y + 27/15. Suppose 21 = n + u, -f*u = 4*n - 46 - 46. Calculate the remainder when n is divided by 14.
11
Let k = -72 - -96. Let u = 51 - -18. What is the remainder when u is divided by k?
21
Let h = -2 + 31. Suppose -2*s + 5*t = -0*t - h, -3*s + 86 = t. Calculate the remainder when s is divided by 18.
9
Suppose 0 = c + 2*q - 8, 3*q = 9. Suppose 3*n = 4*m + 273, -5*m + 184 = c*n + 2. What is the remainder when n is divided by 37 + -2 + (4 - 8)?
29
Suppose 129 = 4*l + 49. Suppose -8 = 4*c + 5*b, -4*b - b - l = 0. Calculate the remainder when 6 is divided by c.
0
Let t = -144 + 266. Calculate the remainder when t is divided by 68.
54
Suppose 3*s + 75 = 84. Suppose 0 = -3*g, -4*g + 76 = 4*y - s*g. Calculate the remainder when y is divided by 11.
8
Let w = 22 + -9. Suppose -w*j + 32 = -5*j. What is the remainder when 15 is divided by j?
3
Suppose -54 = -5*i + 2*i. Calculate the remainder when ((-3)/(-6))/(-3 + 3735/1242) is divided by i.
15
Let h be (-3)/(1 - 14/16). Let a = -6 - h. What is the remainder when a is divided by 7?
4
Suppose -q + 6 = -3*q. What is the remainder when 8 is divided by (12/(-20))/(-2*q/(-30))?
2
Let w = -278 - -290. Calculate the remainder when 127 is divided by w.
7
Let r = -212 - -226. What is the remainder when 55 is divided by r?
13
Suppose 4*x - 120 = -5*s, 2*x + 25 = 3*s - 25. Let z be (s/(-50))/((-2)/10). Suppose -5*g = -z - 13. Calculate the remainder when 4 is divided by g.
1
Suppose 0*r = -2*r + 5*s + 58, 126 = 5*r - 3*s. What is the remainder when ((-15)/(-6))/((-3)/(-114)) is divided by r?
23
Suppose 272 = 5*o - 243. Calculate the remainder when o is divided by 19.
8
Suppose 0 = t - 171 + 60. Let p(g) = g**2 - 30. Calculate the remainder when t is divided by p(7).
16
Calculate the remainder when (-4)/38 - (-24520)/95 is divided by 13.
11
Suppose -2*v = v - 105. Suppose 2*k = -184 - 40. Calculate the remainder when v is divided by (-36)/(-14)*k/(-24).
11
Suppose 0 = -2*y - 2*v - 0*v + 54, 2*y = 5*v + 33. Let h = 4533 + -4469. Calculate the remainder when h is divided by y.
16
Let o(j) = -2*j**2 - 19*j - 17. Let z be o(-8). What is the remainder when 25 is divided by (-7)/(z/(-2)) + 7?
7
Suppose -3*g = 2*g - 10. Suppose -q + g*q = 7. Calculate the remainder when q is divided by (2 - 8/2)*-2.
3
What is the remainder when 21 is divided by (((-4)/(-9))/(-2))/(5/(-45))?
1
Let p = -51 - -31. Let i = p + 21. What is the remainder when 5 is divided by i?
0
Let f(y) = y**2 - 2*y - 14. Let z be f(0). Let l be ((-469)/z)/(2/12). Suppose -5*n + l = 36. What is the remainder when n is divided by 9?
6
Suppose 233 - 1041 = -8*o. What is the remainder when o is divided by 48?
5
Suppose 4*g - 506 = -3*b - 0*b, 2 = -b. Suppose 11*u - g = 3*u. What is the remainder when 30 is divided by u?
14
Suppose 0 = -l - 7*a + 57, 5*l - a = 7*l - 75. Calculate the remainder when 151 is divided by l.
7
Suppose -f - 36 = -39. Suppose 3*d + 4*h = 62, f = 4*h + 7. Suppose -38 - 27 = -5*x. What is the remainder when d is divided by x?
9
Let x(f) = 3 - 9*f + 2*f + 2 - f**2. Suppose 13*o + 49 = -3. What is the remainder when 33 is divided by x(o)?
16
Let f = -577 - -1254. Calculate the remainder when f is divided by 85.
82
Suppose -l - 28 = l. Let s = 170 + -199. Let b = l - s. What is the remainder when b is divided by 4?
3
Let x be -2 - (-8)/(-4)*-15. Suppose 0 = 2*p - 3*p + x. Suppose 2*w + 4*v = -2*w + p, 5*v = 5*w - 85. Calculate the remainder when w is divided by 5.
2
Calculate the remainder when (-831)/(-5) - 3/30*-8 is divided by 58.
51
Let d be -3 - -2*(-76)/(-8). Suppose 0 = -5*h - d - 9. What is the remainder when (-14)/(h/(60/8)) is divided by 11?
10
Let c = -96 - -107. Let l(g) = 4*g**3 - 2*g**2 - g. Le